{"id":90,"date":"2023-03-31T13:46:21","date_gmt":"2023-03-31T13:46:21","guid":{"rendered":"http:\/\/autonorte.x10.mx\/wp\/?page_id=90"},"modified":"2023-12-12T15:02:20","modified_gmt":"2023-12-12T15:02:20","slug":"noticias","status":"publish","type":"page","link":"https:\/\/autonorte.com.br\/autonorte\/noticias\/","title":{"rendered":"Not\u00edcias"},"content":{"rendered":"\t\t<div data-elementor-type=\"wp-page\" data-elementor-id=\"90\" class=\"elementor elementor-90\">\n\t\t\t\t\t\t<section class=\"elementor-section elementor-top-section elementor-element elementor-element-e430630 elementor-section-full_width elementor-hidden-mobile elementor-section-height-default elementor-section-height-default\" data-id=\"e430630\" data-element_type=\"section\" data-e-type=\"section\">\n\t\t\t\t\t\t<div class=\"elementor-container elementor-column-gap-default\">\n\t\t\t\t\t<div class=\"elementor-column elementor-col-100 elementor-top-column elementor-element elementor-element-c0f0f5b\" data-id=\"c0f0f5b\" data-element_type=\"column\" data-e-type=\"column\">\n\t\t\t<div class=\"elementor-widget-wrap elementor-element-populated\">\n\t\t\t\t\t\t<div class=\"elementor-element elementor-element-7232f7a elementor-widget elementor-widget-image\" data-id=\"7232f7a\" data-element_type=\"widget\" data-e-type=\"widget\" data-widget_type=\"image.default\">\n\t\t\t\t<div class=\"elementor-widget-container\">\n\t\t\t\t\t\t\t\t\t\t\t\t\t\t\t<img fetchpriority=\"high\" decoding=\"async\" width=\"2244\" height=\"480\" src=\"https:\/\/autonorte.com.br\/autonorte\/wp-content\/uploads\/2023\/12\/Noticias01.png\" class=\"attachment-full size-full wp-image-3899\" alt=\"\" srcset=\"https:\/\/autonorte.com.br\/autonorte\/wp-content\/uploads\/2023\/12\/Noticias01.png 2244w, https:\/\/autonorte.com.br\/autonorte\/wp-content\/uploads\/2023\/12\/Noticias01-300x64.png 300w, https:\/\/autonorte.com.br\/autonorte\/wp-content\/uploads\/2023\/12\/Noticias01-1024x219.png 1024w, https:\/\/autonorte.com.br\/autonorte\/wp-content\/uploads\/2023\/12\/Noticias01-768x164.png 768w, https:\/\/autonorte.com.br\/autonorte\/wp-content\/uploads\/2023\/12\/Noticias01-1536x329.png 1536w, https:\/\/autonorte.com.br\/autonorte\/wp-content\/uploads\/2023\/12\/Noticias01-2048x438.png 2048w\" sizes=\"(max-width: 2244px) 100vw, 2244px\" \/>\t\t\t\t\t\t\t\t\t\t\t\t\t\t\t<\/div>\n\t\t\t\t<\/div>\n\t\t\t\t\t<\/div>\n\t\t<\/div>\n\t\t\t\t\t<\/div>\n\t\t<\/section>\n\t\t\t\t<section class=\"elementor-section elementor-top-section elementor-element elementor-element-6882694 elementor-hidden-desktop elementor-hidden-laptop elementor-hidden-tablet elementor-section-boxed elementor-section-height-default elementor-section-height-default\" data-id=\"6882694\" data-element_type=\"section\" data-e-type=\"section\">\n\t\t\t\t\t\t<div class=\"elementor-container elementor-column-gap-default\">\n\t\t\t\t\t<div class=\"elementor-column elementor-col-100 elementor-top-column elementor-element elementor-element-1be4aba\" data-id=\"1be4aba\" data-element_type=\"column\" data-e-type=\"column\">\n\t\t\t<div class=\"elementor-widget-wrap elementor-element-populated\">\n\t\t\t\t\t\t<div class=\"elementor-element elementor-element-07a48ba elementor-widget elementor-widget-image\" data-id=\"07a48ba\" data-element_type=\"widget\" data-e-type=\"widget\" data-widget_type=\"image.default\">\n\t\t\t\t<div class=\"elementor-widget-container\">\n\t\t\t\t\t\t\t\t\t\t\t\t\t\t\t<img decoding=\"async\" width=\"800\" height=\"835\" src=\"https:\/\/autonorte.com.br\/autonorte\/wp-content\/uploads\/2023\/12\/Noticias-981x1024.jpg\" class=\"attachment-large size-large wp-image-4150\" alt=\"\" srcset=\"https:\/\/autonorte.com.br\/autonorte\/wp-content\/uploads\/2023\/12\/Noticias-981x1024.jpg 981w, https:\/\/autonorte.com.br\/autonorte\/wp-content\/uploads\/2023\/12\/Noticias-287x300.jpg 287w, https:\/\/autonorte.com.br\/autonorte\/wp-content\/uploads\/2023\/12\/Noticias-768x802.jpg 768w, https:\/\/autonorte.com.br\/autonorte\/wp-content\/uploads\/2023\/12\/Noticias-1471x1536.jpg 1471w, https:\/\/autonorte.com.br\/autonorte\/wp-content\/uploads\/2023\/12\/Noticias-1962x2048.jpg 1962w\" sizes=\"(max-width: 800px) 100vw, 800px\" \/>\t\t\t\t\t\t\t\t\t\t\t\t\t\t\t<\/div>\n\t\t\t\t<\/div>\n\t\t\t\t\t<\/div>\n\t\t<\/div>\n\t\t\t\t\t<\/div>\n\t\t<\/section>\n\t\t\t\t<section class=\"elementor-section elementor-top-section elementor-element elementor-element-6593634 elementor-section-boxed elementor-section-height-default elementor-section-height-default\" data-id=\"6593634\" data-element_type=\"section\" data-e-type=\"section\">\n\t\t\t\t\t\t<div class=\"elementor-container elementor-column-gap-default\">\n\t\t\t\t\t<div class=\"elementor-column elementor-col-100 elementor-top-column elementor-element elementor-element-d8d1f69\" data-id=\"d8d1f69\" data-element_type=\"column\" data-e-type=\"column\">\n\t\t\t<div class=\"elementor-widget-wrap elementor-element-populated\">\n\t\t\t\t\t\t<div class=\"elementor-element elementor-element-a30653c elementor-grid-eael-col-4 elementor-grid-tablet-eael-col-2 elementor-grid-mobile-eael-col-1 elementor-widget elementor-widget-eael-post-grid\" data-id=\"a30653c\" data-element_type=\"widget\" data-e-type=\"widget\" data-settings=\"{&quot;eael_post_grid_columns&quot;:&quot;eael-col-4&quot;,&quot;eael_post_grid_columns_tablet&quot;:&quot;eael-col-2&quot;,&quot;eael_post_grid_columns_mobile&quot;:&quot;eael-col-1&quot;}\" data-widget_type=\"eael-post-grid.default\">\n\t\t\t\t<div class=\"elementor-widget-container\">\n\t\t\t\t\t<div id=\"eael-post-grid-a30653c\" class=\"eael-post-grid-container\">\n            <div class=\"eael-post-grid eael-post-appender eael-post-appender-a30653c eael-post-grid-style-one\" data-layout-mode=\"masonry\"><article class=\"eael-grid-post  eael-post-grid-column eael-pg-post-4583 category-uncategorized\" data-id=\"4583\">\n        <div class=\"eael-grid-post-holder\">\n            <div class=\"eael-grid-post-holder-inner\"><div class=\"eael-entry-media\"><div class=\"eael-entry-overlay none\"><i class=\"fas fa-long-arrow-alt-right\" aria-hidden=\"true\"><\/i><a href=\"https:\/\/autonorte.com.br\/autonorte\/2025\/06\/04\/comunicado-oficial-da-auto-norte\/\"><\/a><\/div><div class=\"eael-entry-thumbnail \">\n                <img decoding=\"async\" width=\"300\" height=\"243\" src=\"https:\/\/autonorte.com.br\/autonorte\/wp-content\/uploads\/2025\/06\/Capa-do-Site-Comunicado-Fraude-2-300x243.png\" class=\"attachment-medium size-medium wp-image-4587\" alt=\"\" srcset=\"https:\/\/autonorte.com.br\/autonorte\/wp-content\/uploads\/2025\/06\/Capa-do-Site-Comunicado-Fraude-2-300x243.png 300w, https:\/\/autonorte.com.br\/autonorte\/wp-content\/uploads\/2025\/06\/Capa-do-Site-Comunicado-Fraude-2.png 650w\" sizes=\"(max-width: 300px) 100vw, 300px\" \/>\n            <\/div>\n        <\/div><div class=\"eael-entry-wrapper\"><header class=\"eael-entry-header\"><h2 class=\"eael-entry-title\"><a class=\"eael-grid-post-link\" href=\"https:\/\/autonorte.com.br\/autonorte\/2025\/06\/04\/comunicado-oficial-da-auto-norte\/\" title=\"Comunicado Oficial da Auto Norte\">Comunicado Oficial da Auto Norte<\/a><\/h2><\/header><div class=\"eael-entry-content\">\n                        <div class=\"eael-grid-post-excerpt\"><p><\/p><a href=\"https:\/\/autonorte.com.br\/autonorte\/2025\/06\/04\/comunicado-oficial-da-auto-norte\/\" class=\"eael-post-elements-readmore-btn\">Ler mais<\/a><\/div>\n                    <\/div><div class=\"eael-entry-footer\"><div class=\"eael-entry-meta\"><span class=\"eael-posted-on\"><time datetime=\"junho 4, 2025\">junho 4, 2025<\/time><\/span><\/div><\/div><\/div><\/div>\n        <\/div>\n    <\/article><article class=\"eael-grid-post  eael-post-grid-column eael-pg-post-3630 category-uncategorized\" data-id=\"3630\">\n        <div class=\"eael-grid-post-holder\">\n            <div class=\"eael-grid-post-holder-inner\"><div class=\"eael-entry-media\"><div class=\"eael-entry-overlay none\"><i class=\"fas fa-long-arrow-alt-right\" aria-hidden=\"true\"><\/i><a href=\"https:\/\/autonorte.com.br\/autonorte\/2023\/10\/27\/certificacao-gptw-pernambuco\/\"><\/a><\/div><div class=\"eael-entry-thumbnail \">\n                <img loading=\"lazy\" decoding=\"async\" width=\"300\" height=\"243\" src=\"https:\/\/autonorte.com.br\/autonorte\/wp-content\/uploads\/2023\/10\/GPTW-PE-300x243.png\" class=\"attachment-medium size-medium wp-image-3649\" alt=\"\" srcset=\"https:\/\/autonorte.com.br\/autonorte\/wp-content\/uploads\/2023\/10\/GPTW-PE-300x243.png 300w, https:\/\/autonorte.com.br\/autonorte\/wp-content\/uploads\/2023\/10\/GPTW-PE-768x622.png 768w, https:\/\/autonorte.com.br\/autonorte\/wp-content\/uploads\/2023\/10\/GPTW-PE.png 1000w\" sizes=\"(max-width: 300px) 100vw, 300px\" \/>\n            <\/div>\n        <\/div><div class=\"eael-entry-wrapper\"><header class=\"eael-entry-header\"><h2 class=\"eael-entry-title\"><a class=\"eael-grid-post-link\" href=\"https:\/\/autonorte.com.br\/autonorte\/2023\/10\/27\/certificacao-gptw-pernambuco\/\" title=\"Certifica\u00e7\u00e3o GPTW Pernambuco!\">Certifica\u00e7\u00e3o GPTW Pernambuco!<\/a><\/h2><\/header><div class=\"eael-entry-content\">\n                        <div class=\"eael-grid-post-excerpt\"><p>Estamos emocionados em anunciar que o Grupo Auto Norte foi...<\/p><a href=\"https:\/\/autonorte.com.br\/autonorte\/2023\/10\/27\/certificacao-gptw-pernambuco\/\" class=\"eael-post-elements-readmore-btn\">Ler mais<\/a><\/div>\n                    <\/div><div class=\"eael-entry-footer\"><div class=\"eael-entry-meta\"><span class=\"eael-posted-on\"><time datetime=\"outubro 27, 2023\">outubro 27, 2023<\/time><\/span><\/div><\/div><\/div><\/div>\n        <\/div>\n    <\/article><article class=\"eael-grid-post  eael-post-grid-column eael-pg-post-3613 category-uncategorized\" data-id=\"3613\">\n        <div class=\"eael-grid-post-holder\">\n            <div class=\"eael-grid-post-holder-inner\"><div class=\"eael-entry-media\"><div class=\"eael-entry-overlay none\"><i class=\"fas fa-long-arrow-alt-right\" aria-hidden=\"true\"><\/i><a href=\"https:\/\/autonorte.com.br\/autonorte\/2023\/10\/27\/maiores-e-melhores-2023\/\"><\/a><\/div><div class=\"eael-entry-thumbnail \">\n                <img loading=\"lazy\" decoding=\"async\" width=\"300\" height=\"243\" src=\"https:\/\/autonorte.com.br\/autonorte\/wp-content\/uploads\/2023\/10\/Post-MA-300x243.png\" class=\"attachment-medium size-medium wp-image-3621\" alt=\"\" srcset=\"https:\/\/autonorte.com.br\/autonorte\/wp-content\/uploads\/2023\/10\/Post-MA-300x243.png 300w, https:\/\/autonorte.com.br\/autonorte\/wp-content\/uploads\/2023\/10\/Post-MA-768x622.png 768w, https:\/\/autonorte.com.br\/autonorte\/wp-content\/uploads\/2023\/10\/Post-MA.png 1000w\" sizes=\"(max-width: 300px) 100vw, 300px\" \/>\n            <\/div>\n        <\/div><div class=\"eael-entry-wrapper\"><header class=\"eael-entry-header\"><h2 class=\"eael-entry-title\"><a class=\"eael-grid-post-link\" href=\"https:\/\/autonorte.com.br\/autonorte\/2023\/10\/27\/maiores-e-melhores-2023\/\" title=\"Maiores e Melhores Regional &#8211; 2023\">Maiores e Melhores Regional &#8211; 2023<\/a><\/h2><\/header><div class=\"eael-entry-content\">\n                        <div class=\"eael-grid-post-excerpt\"><p>Em Agosto, o Grupo Auto Norte foi selecionado como uma...<\/p><a href=\"https:\/\/autonorte.com.br\/autonorte\/2023\/10\/27\/maiores-e-melhores-2023\/\" class=\"eael-post-elements-readmore-btn\">Ler mais<\/a><\/div>\n                    <\/div><div class=\"eael-entry-footer\"><div class=\"eael-entry-meta\"><span class=\"eael-posted-on\"><time datetime=\"outubro 27, 2023\">outubro 27, 2023<\/time><\/span><\/div><\/div><\/div><\/div>\n        <\/div>\n    <\/article><article class=\"eael-grid-post  eael-post-grid-column eael-pg-post-3587 category-uncategorized\" data-id=\"3587\">\n        <div class=\"eael-grid-post-holder\">\n            <div class=\"eael-grid-post-holder-inner\"><div class=\"eael-entry-media\"><div class=\"eael-entry-overlay none\"><i class=\"fas fa-long-arrow-alt-right\" aria-hidden=\"true\"><\/i><a href=\"https:\/\/autonorte.com.br\/autonorte\/2023\/10\/26\/inauguracao-da-filial-auto-norte-em-sao-luis-ma\/\"><\/a><\/div><div class=\"eael-entry-thumbnail \">\n                <img loading=\"lazy\" decoding=\"async\" width=\"300\" height=\"243\" src=\"https:\/\/autonorte.com.br\/autonorte\/wp-content\/uploads\/2023\/10\/Imagem-destacada-300x243.png\" class=\"attachment-medium size-medium wp-image-3600\" alt=\"\" srcset=\"https:\/\/autonorte.com.br\/autonorte\/wp-content\/uploads\/2023\/10\/Imagem-destacada-300x243.png 300w, https:\/\/autonorte.com.br\/autonorte\/wp-content\/uploads\/2023\/10\/Imagem-destacada-768x622.png 768w, https:\/\/autonorte.com.br\/autonorte\/wp-content\/uploads\/2023\/10\/Imagem-destacada.png 1000w\" sizes=\"(max-width: 300px) 100vw, 300px\" \/>\n            <\/div>\n        <\/div><div class=\"eael-entry-wrapper\"><header class=\"eael-entry-header\"><h2 class=\"eael-entry-title\"><a class=\"eael-grid-post-link\" href=\"https:\/\/autonorte.com.br\/autonorte\/2023\/10\/26\/inauguracao-da-filial-auto-norte-em-sao-luis-ma\/\" title=\"Inaugura\u00e7\u00e3o da Filial Auto Norte em S\u00e3o Lu\u00eds\/MA\">Inaugura\u00e7\u00e3o da Filial Auto Norte em S\u00e3o Lu\u00eds\/MA<\/a><\/h2><\/header><div class=\"eael-entry-content\">\n                        <div class=\"eael-grid-post-excerpt\"><p>Com imenso orgulho, o Grupo Auto Norte acaba de inagurar...<\/p><a href=\"https:\/\/autonorte.com.br\/autonorte\/2023\/10\/26\/inauguracao-da-filial-auto-norte-em-sao-luis-ma\/\" class=\"eael-post-elements-readmore-btn\">Ler mais<\/a><\/div>\n                    <\/div><div class=\"eael-entry-footer\"><div class=\"eael-entry-meta\"><span class=\"eael-posted-on\"><time datetime=\"outubro 26, 2023\">outubro 26, 2023<\/time><\/span><\/div><\/div><\/div><\/div>\n        <\/div>\n    <\/article><article class=\"eael-grid-post  eael-post-grid-column eael-pg-post-3566 category-uncategorized\" data-id=\"3566\">\n        <div class=\"eael-grid-post-holder\">\n            <div class=\"eael-grid-post-holder-inner\"><div class=\"eael-entry-media\"><div class=\"eael-entry-overlay none\"><i class=\"fas fa-long-arrow-alt-right\" aria-hidden=\"true\"><\/i><a href=\"https:\/\/autonorte.com.br\/autonorte\/2023\/10\/26\/certificacao-gptw-2023-10a-vez-consecutiva\/\"><\/a><\/div><div class=\"eael-entry-thumbnail \">\n                <img loading=\"lazy\" decoding=\"async\" width=\"300\" height=\"276\" src=\"https:\/\/autonorte.com.br\/autonorte\/wp-content\/uploads\/2023\/10\/Sem-Titulo-1-300x276.png\" class=\"attachment-medium size-medium wp-image-3586\" alt=\"\" srcset=\"https:\/\/autonorte.com.br\/autonorte\/wp-content\/uploads\/2023\/10\/Sem-Titulo-1-300x276.png 300w, https:\/\/autonorte.com.br\/autonorte\/wp-content\/uploads\/2023\/10\/Sem-Titulo-1-768x707.png 768w, https:\/\/autonorte.com.br\/autonorte\/wp-content\/uploads\/2023\/10\/Sem-Titulo-1.png 1000w\" sizes=\"(max-width: 300px) 100vw, 300px\" \/>\n            <\/div>\n        <\/div><div class=\"eael-entry-wrapper\"><header class=\"eael-entry-header\"><h2 class=\"eael-entry-title\"><a class=\"eael-grid-post-link\" href=\"https:\/\/autonorte.com.br\/autonorte\/2023\/10\/26\/certificacao-gptw-2023-10a-vez-consecutiva\/\" title=\"Certifica\u00e7\u00e3o GPTW &#8211; 2023 &#8211; 10\u00aa Vez Consecutiva\">Certifica\u00e7\u00e3o GPTW &#8211; 2023 &#8211; 10\u00aa Vez Consecutiva<\/a><\/h2><\/header><div class=\"eael-entry-content\">\n                        <div class=\"eael-grid-post-excerpt\"><p>Em mar\u00e7o de 2023 o Grupo Auto Norte foi agraciado,...<\/p><a href=\"https:\/\/autonorte.com.br\/autonorte\/2023\/10\/26\/certificacao-gptw-2023-10a-vez-consecutiva\/\" class=\"eael-post-elements-readmore-btn\">Ler mais<\/a><\/div>\n                    <\/div><div class=\"eael-entry-footer\"><div class=\"eael-entry-meta\"><span class=\"eael-posted-on\"><time datetime=\"outubro 26, 2023\">outubro 26, 2023<\/time><\/span><\/div><\/div><\/div><\/div>\n        <\/div>\n    <\/article><article class=\"eael-grid-post  eael-post-grid-column eael-pg-post-3543 category-uncategorized\" data-id=\"3543\">\n        <div class=\"eael-grid-post-holder\">\n            <div class=\"eael-grid-post-holder-inner\"><div class=\"eael-entry-media\"><div class=\"eael-entry-overlay none\"><i class=\"fas fa-long-arrow-alt-right\" aria-hidden=\"true\"><\/i><a href=\"https:\/\/autonorte.com.br\/autonorte\/2023\/10\/26\/inauguracao-da-filial-peca-brasil-em-sao-paulo\/\"><\/a><\/div><div class=\"eael-entry-thumbnail \">\n                <img loading=\"lazy\" decoding=\"async\" width=\"300\" height=\"225\" src=\"https:\/\/autonorte.com.br\/autonorte\/wp-content\/uploads\/2023\/10\/es-300x225.png\" class=\"attachment-medium size-medium wp-image-3667\" alt=\"\" srcset=\"https:\/\/autonorte.com.br\/autonorte\/wp-content\/uploads\/2023\/10\/es-300x225.png 300w, https:\/\/autonorte.com.br\/autonorte\/wp-content\/uploads\/2023\/10\/es-768x575.png 768w, https:\/\/autonorte.com.br\/autonorte\/wp-content\/uploads\/2023\/10\/es.png 1000w\" sizes=\"(max-width: 300px) 100vw, 300px\" \/>\n            <\/div>\n        <\/div><div class=\"eael-entry-wrapper\"><header class=\"eael-entry-header\"><h2 class=\"eael-entry-title\"><a class=\"eael-grid-post-link\" href=\"https:\/\/autonorte.com.br\/autonorte\/2023\/10\/26\/inauguracao-da-filial-peca-brasil-em-sao-paulo\/\" title=\"Inaugura\u00e7\u00e3o da Filial Pe\u00e7a Brasil em Esp\u00edrto Santo!\">Inaugura\u00e7\u00e3o da Filial Pe\u00e7a Brasil em Esp\u00edrto Santo!<\/a><\/h2><\/header><div class=\"eael-entry-content\">\n                        <div class=\"eael-grid-post-excerpt\"><p>O Grupo Auto Norte est\u00e1 fortalecendo cada vez mais sua...<\/p><a href=\"https:\/\/autonorte.com.br\/autonorte\/2023\/10\/26\/inauguracao-da-filial-peca-brasil-em-sao-paulo\/\" class=\"eael-post-elements-readmore-btn\">Ler mais<\/a><\/div>\n                    <\/div><div class=\"eael-entry-footer\"><div class=\"eael-entry-meta\"><span class=\"eael-posted-on\"><time datetime=\"outubro 26, 2023\">outubro 26, 2023<\/time><\/span><\/div><\/div><\/div><\/div>\n        <\/div>\n    <\/article><\/div>\n            <div class=\"clearfix\"><\/div>\n        <\/div>\t\t\t\t<\/div>\n\t\t\t\t<\/div>\n\t\t\t\t\t<\/div>\n\t\t<\/div>\n\t\t\t\t\t<\/div>\n\t\t<\/section>\n\t\t\t\t<\/div>\n\t\t","protected":false},"excerpt":{"rendered":"<p>Certifica\u00e7\u00e3o GPTW Pernambuco! Estamos emocionados em anunciar que o Grupo Auto Norte foi&#8230; Ler mais outubro 27, 2023 Maiores e Melhores Regional &#8211; 2023 Em Agosto, o Grupo Auto Norte &#8230;<\/p>\n","protected":false},"author":1,"featured_media":0,"parent":0,"menu_order":0,"comment_status":"closed","ping_status":"closed","template":"elementor_canvas","meta":{"footnotes":""},"class_list":["post-90","page","type-page","status-publish","hentry"],"_links":{"self":[{"href":"https:\/\/autonorte.com.br\/autonorte\/wp-json\/wp\/v2\/pages\/90","targetHints":{"allow":["GET"]}}],"collection":[{"href":"https:\/\/autonorte.com.br\/autonorte\/wp-json\/wp\/v2\/pages"}],"about":[{"href":"https:\/\/autonorte.com.br\/autonorte\/wp-json\/wp\/v2\/types\/page"}],"author":[{"embeddable":true,"href":"https:\/\/autonorte.com.br\/autonorte\/wp-json\/wp\/v2\/users\/1"}],"replies":[{"embeddable":true,"href":"https:\/\/autonorte.com.br\/autonorte\/wp-json\/wp\/v2\/comments?post=90"}],"version-history":[{"count":158,"href":"https:\/\/autonorte.com.br\/autonorte\/wp-json\/wp\/v2\/pages\/90\/revisions"}],"predecessor-version":[{"id":4192,"href":"https:\/\/autonorte.com.br\/autonorte\/wp-json\/wp\/v2\/pages\/90\/revisions\/4192"}],"wp:attachment":[{"href":"https:\/\/autonorte.com.br\/autonorte\/wp-json\/wp\/v2\/media?parent=90"}],"curies":[{"name":"wp","href":"https:\/\/api.w.org\/{rel}","templated":true}]}}